{"id":991,"date":"2020-11-22T21:23:18","date_gmt":"2020-11-22T20:23:18","guid":{"rendered":"http:\/\/seyssel74.com\/?page_id=991"},"modified":"2022-05-28T19:59:54","modified_gmt":"2022-05-28T17:59:54","slug":"sortie-du-territoire","status":"publish","type":"page","link":"https:\/\/seyssel74.com\/index.php\/administration\/citoyennete\/sortie-du-territoire\/","title":{"rendered":"Sortie du territoire"},"content":{"rendered":"\n<p class=\"has-small-font-size\"><a href=\"https:\/\/seyssel74.com\/\">\ud83c\udfe1<\/a> >\u00a0<a href=\"https:\/\/seyssel74.com\/index.php\/administration\/\">Administration<\/a> > <a href=\"https:\/\/seyssel74.com\/index.php\/administration\/citoyennete\/\">Citoyennet\u00e9<\/a> > <a href=\"https:\/\/seyssel74.com\/index.php\/administration\/citoyennete\/sortie-du-territoire\/\">Sortie du territoire<\/a><\/p>\n\n\n\n<div class=\"wp-block-image is-style-default\"><figure class=\"aligncenter size-large is-resized\"><img loading=\"lazy\" decoding=\"async\" src=\"https:\/\/seyssel74.com\/wp-content\/uploads\/2021\/06\/sortie-du-territoire-seyssel-mairie.jpg\" alt=\"sortie du territoire seyssel mairie\" class=\"wp-image-5272\" width=\"338\" height=\"224\" srcset=\"https:\/\/seyssel74.com\/wp-content\/uploads\/2021\/06\/sortie-du-territoire-seyssel-mairie.jpg 676w, https:\/\/seyssel74.com\/wp-content\/uploads\/2021\/06\/sortie-du-territoire-seyssel-mairie-300x199.jpg 300w\" sizes=\"auto, (max-width: 338px) 100vw, 338px\" \/><\/figure><\/div>\n\n\n\n<p>Un enfant mineur qui vit en France et voyage \u00e0 l&#8217;\u00e9tranger doit avoir une autorisation de sortie du territoire (AST) s&#8217;il n&#8217;est pas accompagn\u00e9 par un&nbsp;responsable l\u00e9gal (personne qui exerce l&#8217;autorit\u00e9 parentale : p\u00e8re, m\u00e8re ou tuteur). Un enfant voyageant seulement avec son p\u00e8re ou seulement sa m\u00e8re n&#8217;en a donc pas besoin. L&#8217;AST est un formulaire \u00e9tabli et sign\u00e9 par le titulaire de l&#8217;autorit\u00e9 parental. La copie d&#8217;une pi\u00e8ce d&#8217;identit\u00e9 du parent signataire doit \u00eatre jointe au formulaire. Aucun d\u00e9placement en mairie ou en pr\u00e9fecture n&#8217;est n\u00e9cessaire.<\/p>\n\n\n\n<p class=\"has-text-align-center\"><strong>Vous et votre enfant habitez en France et vous \u00eates fran\u00e7ais <\/strong>:<\/p>\n\n\n\n<p>L&#8217;enfant qui voyage \u00e0 l&#8217;\u00e9tranger sans l&#8217;un de ses parents doit avoir les documents suivants :<\/p>\n\n\n\n<p class=\"has-black-color has-text-color has-normal-font-size\">&#8211; original du formulaire <a href=\"https:\/\/www.service-public.fr\/particuliers\/vosdroits\/R46121\" target=\"_blank\" rel=\"noreferrer noopener\">cerfa n\u00b015646<\/a> sign\u00e9 par le titulaire de l&#8217;autorit\u00e9 parentale ; <br>&#8211; pi\u00e8ce d\u2019identit\u00e9 valide du mineur : carte d&#8217;identit\u00e9 ou passeport + visa si n\u00e9cessaire selon le pays de destination ; <br>&#8211; copie d&#8217;un justificatif d&#8217;identit\u00e9 du parent signataire (carte d&#8217;identit\u00e9, passeport).<br>Le justificatif d&#8217;identit\u00e9 doit \u00eatre valide ou p\u00e9rim\u00e9 depuis moins de 5 ans.<br>Si le parent n&#8217;a pas l&#8217;autorit\u00e9 parentale : carte professionnelle, carte d&#8217;identit\u00e9 ou passeport de la personne titulaire de l&#8217;autorit\u00e9 parentale.<br>Aucun autre document (par exemple, livret de famille) ne peut \u00eatre exig\u00e9 lorsque le mineur passe la fronti\u00e8re, y compris si le mineur porte un nom diff\u00e9rent que le parent signataire de l&#8217;AST.<\/p>\n\n\n\n<p class=\"has-text-align-center\"><strong>Si votre situation est diff\u00e9rente veuillez consulter :<\/strong><\/p>\n\n\n\n<p class=\"has-black-color has-text-color has-normal-font-size\">\ud83c\udf10 <a href=\"http:\/\/www.service-public.fr\/particuliers\/vosdroits\/F1359\" target=\"_blank\" rel=\"noreferrer noopener\">www.service-public.fr\/particuliers\/vosdroits\/F1359<\/a><\/p>\n","protected":false},"excerpt":{"rendered":"<p>\ud83c\udfe1 >\u00a0Administration > Citoyennet\u00e9 > Sortie du territoire Un enfant mineur qui vit en France et voyage \u00e0 l&#8217;\u00e9tranger doit avoir une autorisation de sortie du territoire (AST) s&#8217;il n&#8217;est pas accompagn\u00e9 par un&nbsp;responsable l\u00e9gal (personne qui exerce l&#8217;autorit\u00e9 parentale : p\u00e8re, m\u00e8re ou tuteur). Un enfant voyageant seulement avec son p\u00e8re ou seulement sa [&hellip;]<\/p>\n","protected":false},"author":1,"featured_media":0,"parent":730,"menu_order":6,"comment_status":"closed","ping_status":"closed","template":"","meta":{"ocean_post_layout":"","ocean_both_sidebars_style":"","ocean_both_sidebars_content_width":0,"ocean_both_sidebars_sidebars_width":0,"ocean_sidebar":"0","ocean_second_sidebar":"0","ocean_disable_margins":"enable","ocean_add_body_class":"","ocean_shortcode_before_top_bar":"","ocean_shortcode_after_top_bar":"","ocean_shortcode_before_header":"","ocean_shortcode_after_header":"","ocean_has_shortcode":"","ocean_shortcode_after_title":"","ocean_shortcode_before_footer_widgets":"","ocean_shortcode_after_footer_widgets":"","ocean_shortcode_before_footer_bottom":"","ocean_shortcode_after_footer_bottom":"","ocean_display_top_bar":"default","ocean_display_header":"default","ocean_header_style":"","ocean_center_header_left_menu":"0","ocean_custom_header_template":"0","ocean_custom_logo":0,"ocean_custom_retina_logo":0,"ocean_custom_logo_max_width":0,"ocean_custom_logo_tablet_max_width":0,"ocean_custom_logo_mobile_max_width":0,"ocean_custom_logo_max_height":0,"ocean_custom_logo_tablet_max_height":0,"ocean_custom_logo_mobile_max_height":0,"ocean_header_custom_menu":"0","ocean_menu_typo_font_family":"0","ocean_menu_typo_font_subset":"","ocean_menu_typo_font_size":0,"ocean_menu_typo_font_size_tablet":0,"ocean_menu_typo_font_size_mobile":0,"ocean_menu_typo_font_size_unit":"px","ocean_menu_typo_font_weight":"","ocean_menu_typo_font_weight_tablet":"","ocean_menu_typo_font_weight_mobile":"","ocean_menu_typo_transform":"","ocean_menu_typo_transform_tablet":"","ocean_menu_typo_transform_mobile":"","ocean_menu_typo_line_height":0,"ocean_menu_typo_line_height_tablet":0,"ocean_menu_typo_line_height_mobile":0,"ocean_menu_typo_line_height_unit":"","ocean_menu_typo_spacing":0,"ocean_menu_typo_spacing_tablet":0,"ocean_menu_typo_spacing_mobile":0,"ocean_menu_typo_spacing_unit":"","ocean_menu_link_color":"","ocean_menu_link_color_hover":"","ocean_menu_link_color_active":"","ocean_menu_link_background":"","ocean_menu_link_hover_background":"","ocean_menu_link_active_background":"","ocean_menu_social_links_bg":"","ocean_menu_social_hover_links_bg":"","ocean_menu_social_links_color":"","ocean_menu_social_hover_links_color":"","ocean_disable_title":"default","ocean_disable_heading":"default","ocean_post_title":"","ocean_post_subheading":"","ocean_post_title_style":"","ocean_post_title_background_color":"","ocean_post_title_background":0,"ocean_post_title_bg_image_position":"","ocean_post_title_bg_image_attachment":"","ocean_post_title_bg_image_repeat":"","ocean_post_title_bg_image_size":"","ocean_post_title_height":0,"ocean_post_title_bg_overlay":0.5,"ocean_post_title_bg_overlay_color":"","ocean_disable_breadcrumbs":"default","ocean_breadcrumbs_color":"","ocean_breadcrumbs_separator_color":"","ocean_breadcrumbs_links_color":"","ocean_breadcrumbs_links_hover_color":"","ocean_display_footer_widgets":"default","ocean_display_footer_bottom":"default","ocean_custom_footer_template":"0","ofc_meta_disable_footer_callout":"","ofc_meta_callout_button_url":"","ofc_meta_callout_button_txt":"","ofc_meta_callout_text":"","ofc_enable_fullscreen":"disable","ofc_fullscreen_speed":0,"ofc_fullscreen_nav":"enable","ofc_fullscreen_nav_pos":"right","ofc_fullscreen_nav_color":"","ofc_fullscreen_nav_tooltip_color":"","ofc_fullscreen_responsive":0,"osp_disable_panel":"default","osh_disable_topbar_sticky":"default","osh_disable_header_sticky":"default","osh_sticky_header_style":"default","osh_sticky_header_effect":"","osh_custom_sticky_logo":0,"osh_custom_retina_sticky_logo":0,"osh_custom_sticky_logo_height":0,"osh_background_color":"","osh_links_color":"","osh_links_hover_color":"","osh_links_active_color":"","osh_links_bg_color":"","osh_links_hover_bg_color":"","osh_links_active_bg_color":"","osh_menu_social_links_color":"","osh_menu_social_hover_links_color":"","footnotes":""},"class_list":["post-991","page","type-page","status-publish","hentry","entry"],"_links":{"self":[{"href":"https:\/\/seyssel74.com\/index.php\/wp-json\/wp\/v2\/pages\/991","targetHints":{"allow":["GET"]}}],"collection":[{"href":"https:\/\/seyssel74.com\/index.php\/wp-json\/wp\/v2\/pages"}],"about":[{"href":"https:\/\/seyssel74.com\/index.php\/wp-json\/wp\/v2\/types\/page"}],"author":[{"embeddable":true,"href":"https:\/\/seyssel74.com\/index.php\/wp-json\/wp\/v2\/users\/1"}],"replies":[{"embeddable":true,"href":"https:\/\/seyssel74.com\/index.php\/wp-json\/wp\/v2\/comments?post=991"}],"version-history":[{"count":12,"href":"https:\/\/seyssel74.com\/index.php\/wp-json\/wp\/v2\/pages\/991\/revisions"}],"predecessor-version":[{"id":8704,"href":"https:\/\/seyssel74.com\/index.php\/wp-json\/wp\/v2\/pages\/991\/revisions\/8704"}],"up":[{"embeddable":true,"href":"https:\/\/seyssel74.com\/index.php\/wp-json\/wp\/v2\/pages\/730"}],"wp:attachment":[{"href":"https:\/\/seyssel74.com\/index.php\/wp-json\/wp\/v2\/media?parent=991"}],"curies":[{"name":"wp","href":"https:\/\/api.w.org\/{rel}","templated":true}]}}