{"id":855,"date":"2020-11-22T00:05:39","date_gmt":"2020-11-21T23:05:39","guid":{"rendered":"http:\/\/seyssel74.com\/?page_id=855"},"modified":"2025-09-12T17:13:37","modified_gmt":"2025-09-12T15:13:37","slug":"sondages","status":"publish","type":"page","link":"https:\/\/seyssel74.com\/index.php\/demarches-participatives\/sondages\/","title":{"rendered":"Sondages"},"content":{"rendered":"\n<p class=\"has-small-font-size\"><a href=\"https:\/\/seyssel74.com\">\ud83c\udfe1<\/a>&nbsp;&gt;&nbsp;<a href=\"https:\/\/seyssel74.com\/index.php\/demarches-participatives\/\">D\u00e9marches participatives<\/a>&nbsp;&gt;&nbsp;<a href=\"https:\/\/seyssel74.com\/index.php\/demarches-participatives\/sondages\/\">Sondages<\/a><\/p>\n\n\n<div class=\"wp-block-image is-style-rounded\">\n<figure class=\"aligncenter size-large is-resized\"><img loading=\"lazy\" decoding=\"async\" width=\"1092\" height=\"1024\" src=\"https:\/\/seyssel74.com\/wp-content\/uploads\/2021\/04\/sondages-mairie-seyssel-1092x1024.jpg\" alt=\"sondages mairie Seyssel\" class=\"wp-image-1566\" style=\"width:273px;height:256px\" srcset=\"https:\/\/seyssel74.com\/wp-content\/uploads\/2021\/04\/sondages-mairie-seyssel-1092x1024.jpg 1092w, https:\/\/seyssel74.com\/wp-content\/uploads\/2021\/04\/sondages-mairie-seyssel-300x281.jpg 300w, https:\/\/seyssel74.com\/wp-content\/uploads\/2021\/04\/sondages-mairie-seyssel-768x720.jpg 768w, https:\/\/seyssel74.com\/wp-content\/uploads\/2021\/04\/sondages-mairie-seyssel.jpg 1280w\" sizes=\"auto, (max-width: 1092px) 100vw, 1092px\" \/><\/figure><\/div>\n\n\n<div class=\"wp-block-columns is-layout-flex wp-container-core-columns-is-layout-9d6595d7 wp-block-columns-is-layout-flex\">\n<div class=\"wp-block-column is-layout-flow wp-block-column-is-layout-flow\">\n<div class=\"wp-block-file\"><a id=\"wp-block-file--media-5ed5b7d1-b0b8-41e5-a236-3987943f8bbb\" href=\"https:\/\/seyssel74.com\/wp-content\/uploads\/2021\/05\/Sondage_Participatif_07_2020.pdf\"><img loading=\"lazy\" decoding=\"async\" width=\"280\" height=\"396\" class=\"wp-image-1790\" style=\"width: 280px;\" src=\"https:\/\/seyssel74.com\/wp-content\/uploads\/2021\/05\/Sondage-Le-Seysselan-page-5-scaled.jpg\" alt=\"\" srcset=\"https:\/\/seyssel74.com\/wp-content\/uploads\/2021\/05\/Sondage-Le-Seysselan-page-5-scaled.jpg 1810w, https:\/\/seyssel74.com\/wp-content\/uploads\/2021\/05\/Sondage-Le-Seysselan-page-5-212x300.jpg 212w, https:\/\/seyssel74.com\/wp-content\/uploads\/2021\/05\/Sondage-Le-Seysselan-page-5-724x1024.jpg 724w, https:\/\/seyssel74.com\/wp-content\/uploads\/2021\/05\/Sondage-Le-Seysselan-page-5-768x1086.jpg 768w, https:\/\/seyssel74.com\/wp-content\/uploads\/2021\/05\/Sondage-Le-Seysselan-page-5-1086x1536.jpg 1086w, https:\/\/seyssel74.com\/wp-content\/uploads\/2021\/05\/Sondage-Le-Seysselan-page-5-1448x2048.jpg 1448w\" sizes=\"auto, (max-width: 280px) 100vw, 280px\" \/><br>Sondage_Participatif_07_2020<\/a><a href=\"https:\/\/seyssel74.com\/wp-content\/uploads\/2021\/05\/Sondage_Participatif_07_2020.pdf\" class=\"wp-block-file__button wp-element-button\" download aria-describedby=\"wp-block-file--media-5ed5b7d1-b0b8-41e5-a236-3987943f8bbb\">T\u00e9l\u00e9charger<\/a><\/div>\n<\/div>\n\n\n\n<div class=\"wp-block-column is-layout-flow wp-block-column-is-layout-flow\">\n<div class=\"wp-block-media-text alignwide is-stacked-on-mobile\"><figure class=\"wp-block-media-text__media\"><img loading=\"lazy\" decoding=\"async\" width=\"552\" height=\"777\" src=\"https:\/\/seyssel74.com\/wp-content\/uploads\/2021\/12\/ColiNov_carton_brun.jpg\" alt=\"\" class=\"wp-image-7265 size-full\" srcset=\"https:\/\/seyssel74.com\/wp-content\/uploads\/2021\/12\/ColiNov_carton_brun.jpg 552w, https:\/\/seyssel74.com\/wp-content\/uploads\/2021\/12\/ColiNov_carton_brun-213x300.jpg 213w\" sizes=\"auto, (max-width: 552px) 100vw, 552px\" \/><\/figure><div class=\"wp-block-media-text__content\">\n<p class=\"has-small-font-size\"><br>17.12.2021 &#8211; Enqu\u00eate concernant les cartons bruns <img loading=\"lazy\" decoding=\"async\" height=\"16\" width=\"16\" alt=\"\ud83d\udce6\" src=\"https:\/\/static.xx.fbcdn.net\/images\/emoji.php\/v9\/t96\/1.5\/16\/1f4e6.png\"><br>La CC Usses et Rh\u00f4ne avec CITEO, le SIDEFAGE, et les autres Communaut\u00e9s de Communes voisines, est territoire pilote et partenaire du projet Coli&#8217;nov. Une \u00e9tude est men\u00e9e dans le but de trouver des solutions locales et d\u2019\u00e9conomie circulaire pour limiter les cartons bruns d&#8217;emballages et issus du e-commerce.<br>Aidez-nous \u00e0 inventer des solutions pour des colis plus durables en r\u00e9pondant \u00e0 ce questionnaire : <a rel=\"noreferrer noopener\" href=\"https:\/\/bit.ly\/3IXTuV9?fbclid=IwAR1bUqX20KbVEDNzFKZ6GcEwPqp3Hj4RDRzJg5oDoTfmBU_UF89_u_rPmDw\" target=\"_blank\">https:\/\/bit.ly\/3IXTuV9<\/a><\/p>\n<\/div><\/div>\n<\/div>\n<\/div>\n\n\n\n<p><a href=\"https:\/\/www.facebook.com\/MairieSeyssel\/posts\/pfbid0JggitUY7WgFz1AaRQ2XVdwupsKa7nKPm3pvF9XYzJoVvmWQai5AhV9AXx1WCChe1l\" data-type=\"link\" data-id=\"https:\/\/www.facebook.com\/MairieSeyssel\/posts\/pfbid0JggitUY7WgFz1AaRQ2XVdwupsKa7nKPm3pvF9XYzJoVvmWQai5AhV9AXx1WCChe1l\">Voir la synth\u00e8se<\/a> du sondage<\/p>\n\n\n\n<p><\/p>\n\n\n\n<p>Cin\u00e9ma Le Condate :<\/p>\n\n\n\n<figure class=\"wp-block-embed is-type-wp-embed is-provider-embed wp-block-embed-embed\"><div class=\"wp-block-embed__wrapper\">\n<div class=\"oceanwp-oembed-wrap clr\"><blockquote class=\"wp-embedded-content\" data-secret=\"DMlI0OUWMV\"><a href=\"https:\/\/seyssel74.com\/index.php\/2024\/01\/03\/sondage-concernant-le-cinema-communal-le-condate\/\">Sondage concernant le Cin\u00e9ma communal Le Condate<\/a><\/blockquote><iframe loading=\"lazy\" class=\"wp-embedded-content\" sandbox=\"allow-scripts\" security=\"restricted\" style=\"position: absolute; visibility: hidden;\" title=\"&#8220;Sondage concernant le Cin\u00e9ma communal Le Condate&#8221; &#8212; \" src=\"https:\/\/seyssel74.com\/index.php\/2024\/01\/03\/sondage-concernant-le-cinema-communal-le-condate\/embed\/#?secret=XBMgFT8JQw#?secret=DMlI0OUWMV\" data-secret=\"DMlI0OUWMV\" width=\"600\" height=\"338\" frameborder=\"0\" marginwidth=\"0\" marginheight=\"0\" scrolling=\"no\"><\/iframe><\/div>\n<\/div><figcaption class=\"wp-element-caption\"><a href=\"https:\/\/forms.gle\/afEhFsn4Ffpda1MV9?fbclid=IwAR2w6dGKa5p_ya97vLd41R_n8gpFshm5itGHu3s01BF1-mX9gP-8woMhcR4\" target=\"_blank\" rel=\"noreferrer noopener\">https:\/\/forms.gle\/afEhFsn4Ffpda1MV9<\/a><\/figcaption><\/figure>\n\n\n\n<p>Mont des Princes<\/p>\n\n\n\n<figure class=\"wp-block-embed is-type-wp-embed is-provider-embed wp-block-embed-embed\"><div class=\"wp-block-embed__wrapper\">\n<div class=\"oceanwp-oembed-wrap clr\"><blockquote class=\"wp-embedded-content\" data-secret=\"PVZT19GDyU\"><a href=\"https:\/\/seyssel74.com\/index.php\/2025\/07\/26\/enquete-participative-mont-des-princes\/\">Enqu\u00eate participative : Mont des Princes<\/a><\/blockquote><iframe loading=\"lazy\" class=\"wp-embedded-content\" sandbox=\"allow-scripts\" security=\"restricted\" style=\"position: absolute; visibility: hidden;\" title=\"&#8220;Enqu\u00eate participative : Mont des Princes&#8221; &#8212; \" src=\"https:\/\/seyssel74.com\/index.php\/2025\/07\/26\/enquete-participative-mont-des-princes\/embed\/#?secret=eGl0W1jqbr#?secret=PVZT19GDyU\" data-secret=\"PVZT19GDyU\" width=\"600\" height=\"338\" frameborder=\"0\" marginwidth=\"0\" marginheight=\"0\" scrolling=\"no\"><\/iframe><\/div>\n<\/div><\/figure>\n\n\n\n<p>Concertation terrain stabilis\u00e9 &amp; gendarmerie :<\/p>\n\n\n\n<div data-wp-interactive=\"core\/file\" class=\"wp-block-file\"><object data-wp-bind--hidden=\"!state.hasPdfPreview\" hidden class=\"wp-block-file__embed\" data=\"https:\/\/seyssel74.com\/wp-content\/uploads\/2025\/09\/Concertation-citoyenne-devenir-Gendarmerie-ZA-Montauban.pdf\" type=\"application\/pdf\" style=\"width:100%;height:600px\" aria-label=\"Embed of Concertation citoyenne devenir Gendarmerie ZA Montauban.\"><\/object><a id=\"wp-block-file--media-a4c1f583-52c0-4759-9f80-acb4a4ca3b9b\" href=\"https:\/\/seyssel74.com\/wp-content\/uploads\/2025\/09\/Concertation-citoyenne-devenir-Gendarmerie-ZA-Montauban.pdf\">Concertation citoyenne devenir Gendarmerie ZA Montauban<\/a><a href=\"https:\/\/seyssel74.com\/wp-content\/uploads\/2025\/09\/Concertation-citoyenne-devenir-Gendarmerie-ZA-Montauban.pdf\" class=\"wp-block-file__button wp-element-button\" download aria-describedby=\"wp-block-file--media-a4c1f583-52c0-4759-9f80-acb4a4ca3b9b\">T\u00e9l\u00e9charger<\/a><\/div>\n","protected":false},"excerpt":{"rendered":"<p>\ud83c\udfe1&nbsp;&gt;&nbsp;D\u00e9marches participatives&nbsp;&gt;&nbsp;Sondages 17.12.2021 &#8211; Enqu\u00eate concernant les cartons bruns La CC Usses et Rh\u00f4ne avec CITEO, le SIDEFAGE, et les autres Communaut\u00e9s de Communes voisines, est territoire pilote et partenaire du projet Coli&#8217;nov. Une \u00e9tude est men\u00e9e dans le but de trouver des solutions locales et d\u2019\u00e9conomie circulaire pour limiter les cartons bruns d&#8217;emballages et [&hellip;]<\/p>\n","protected":false},"author":1,"featured_media":0,"parent":646,"menu_order":1,"comment_status":"closed","ping_status":"closed","template":"","meta":{"ocean_post_layout":"","ocean_both_sidebars_style":"","ocean_both_sidebars_content_width":0,"ocean_both_sidebars_sidebars_width":0,"ocean_sidebar":"0","ocean_second_sidebar":"0","ocean_disable_margins":"enable","ocean_add_body_class":"","ocean_shortcode_before_top_bar":"","ocean_shortcode_after_top_bar":"","ocean_shortcode_before_header":"","ocean_shortcode_after_header":"","ocean_has_shortcode":"","ocean_shortcode_after_title":"","ocean_shortcode_before_footer_widgets":"","ocean_shortcode_after_footer_widgets":"","ocean_shortcode_before_footer_bottom":"","ocean_shortcode_after_footer_bottom":"","ocean_display_top_bar":"default","ocean_display_header":"default","ocean_header_style":"","ocean_center_header_left_menu":"0","ocean_custom_header_template":"0","ocean_custom_logo":0,"ocean_custom_retina_logo":0,"ocean_custom_logo_max_width":0,"ocean_custom_logo_tablet_max_width":0,"ocean_custom_logo_mobile_max_width":0,"ocean_custom_logo_max_height":0,"ocean_custom_logo_tablet_max_height":0,"ocean_custom_logo_mobile_max_height":0,"ocean_header_custom_menu":"0","ocean_menu_typo_font_family":"0","ocean_menu_typo_font_subset":"","ocean_menu_typo_font_size":0,"ocean_menu_typo_font_size_tablet":0,"ocean_menu_typo_font_size_mobile":0,"ocean_menu_typo_font_size_unit":"px","ocean_menu_typo_font_weight":"","ocean_menu_typo_font_weight_tablet":"","ocean_menu_typo_font_weight_mobile":"","ocean_menu_typo_transform":"","ocean_menu_typo_transform_tablet":"","ocean_menu_typo_transform_mobile":"","ocean_menu_typo_line_height":0,"ocean_menu_typo_line_height_tablet":0,"ocean_menu_typo_line_height_mobile":0,"ocean_menu_typo_line_height_unit":"","ocean_menu_typo_spacing":0,"ocean_menu_typo_spacing_tablet":0,"ocean_menu_typo_spacing_mobile":0,"ocean_menu_typo_spacing_unit":"","ocean_menu_link_color":"","ocean_menu_link_color_hover":"","ocean_menu_link_color_active":"","ocean_menu_link_background":"","ocean_menu_link_hover_background":"","ocean_menu_link_active_background":"","ocean_menu_social_links_bg":"","ocean_menu_social_hover_links_bg":"","ocean_menu_social_links_color":"","ocean_menu_social_hover_links_color":"","ocean_disable_title":"default","ocean_disable_heading":"default","ocean_post_title":"","ocean_post_subheading":"","ocean_post_title_style":"","ocean_post_title_background_color":"","ocean_post_title_background":0,"ocean_post_title_bg_image_position":"","ocean_post_title_bg_image_attachment":"","ocean_post_title_bg_image_repeat":"","ocean_post_title_bg_image_size":"","ocean_post_title_height":0,"ocean_post_title_bg_overlay":0.5,"ocean_post_title_bg_overlay_color":"","ocean_disable_breadcrumbs":"default","ocean_breadcrumbs_color":"","ocean_breadcrumbs_separator_color":"","ocean_breadcrumbs_links_color":"","ocean_breadcrumbs_links_hover_color":"","ocean_display_footer_widgets":"default","ocean_display_footer_bottom":"default","ocean_custom_footer_template":"0","ofc_meta_disable_footer_callout":"","ofc_meta_callout_button_url":"","ofc_meta_callout_button_txt":"","ofc_meta_callout_text":"","ofc_enable_fullscreen":"disable","ofc_fullscreen_speed":0,"ofc_fullscreen_nav":"enable","ofc_fullscreen_nav_pos":"right","ofc_fullscreen_nav_color":"","ofc_fullscreen_nav_tooltip_color":"","ofc_fullscreen_responsive":0,"osp_disable_panel":"default","osh_disable_topbar_sticky":"default","osh_disable_header_sticky":"default","osh_sticky_header_style":"default","osh_sticky_header_effect":"","osh_custom_sticky_logo":0,"osh_custom_retina_sticky_logo":0,"osh_custom_sticky_logo_height":0,"osh_background_color":"","osh_links_color":"","osh_links_hover_color":"","osh_links_active_color":"","osh_links_bg_color":"","osh_links_hover_bg_color":"","osh_links_active_bg_color":"","osh_menu_social_links_color":"","osh_menu_social_hover_links_color":"","footnotes":""},"class_list":["post-855","page","type-page","status-publish","hentry","entry"],"_links":{"self":[{"href":"https:\/\/seyssel74.com\/index.php\/wp-json\/wp\/v2\/pages\/855","targetHints":{"allow":["GET"]}}],"collection":[{"href":"https:\/\/seyssel74.com\/index.php\/wp-json\/wp\/v2\/pages"}],"about":[{"href":"https:\/\/seyssel74.com\/index.php\/wp-json\/wp\/v2\/types\/page"}],"author":[{"embeddable":true,"href":"https:\/\/seyssel74.com\/index.php\/wp-json\/wp\/v2\/users\/1"}],"replies":[{"embeddable":true,"href":"https:\/\/seyssel74.com\/index.php\/wp-json\/wp\/v2\/comments?post=855"}],"version-history":[{"count":21,"href":"https:\/\/seyssel74.com\/index.php\/wp-json\/wp\/v2\/pages\/855\/revisions"}],"predecessor-version":[{"id":22040,"href":"https:\/\/seyssel74.com\/index.php\/wp-json\/wp\/v2\/pages\/855\/revisions\/22040"}],"up":[{"embeddable":true,"href":"https:\/\/seyssel74.com\/index.php\/wp-json\/wp\/v2\/pages\/646"}],"wp:attachment":[{"href":"https:\/\/seyssel74.com\/index.php\/wp-json\/wp\/v2\/media?parent=855"}],"curies":[{"name":"wp","href":"https:\/\/api.w.org\/{rel}","templated":true}]}}