{"id":1000,"date":"2020-11-22T21:30:18","date_gmt":"2020-11-22T20:30:18","guid":{"rendered":"http:\/\/seyssel74.com\/?page_id=1000"},"modified":"2025-09-25T02:38:01","modified_gmt":"2025-09-25T00:38:01","slug":"subventions-pour-lhabitat","status":"publish","type":"page","link":"https:\/\/seyssel74.com\/index.php\/administration\/urbanisme\/subventions-pour-lhabitat\/","title":{"rendered":"Subventions pour l\u2019habitat"},"content":{"rendered":"\n<p class=\"has-small-font-size\"><a href=\"https:\/\/seyssel74.com\/\">\ud83c\udfe1<\/a> &gt;&nbsp;<a href=\"https:\/\/seyssel74.com\/index.php\/administration\/\">Administration<\/a> &gt; <a href=\"https:\/\/seyssel74.com\/index.php\/administration\/urbanisme\/\">Urbanisme<\/a> &gt; <a href=\"https:\/\/seyssel74.com\/index.php\/administration\/urbanisme\/subventions-pour-lhabitat\/\">Subventions pour l\u2019habitat<\/a><\/p>\n\n\n<div class=\"wp-block-image is-style-default\">\n<figure class=\"aligncenter size-large is-resized\"><img loading=\"lazy\" decoding=\"async\" width=\"1280\" height=\"839\" src=\"https:\/\/seyssel74.com\/wp-content\/uploads\/2021\/06\/subventions-pour-lhabitat-seyssel-mairie.jpg\" alt=\"subventions pour l'habitat Seyssel mairie\" class=\"wp-image-5488\" style=\"width:320px;height:210px\" srcset=\"https:\/\/seyssel74.com\/wp-content\/uploads\/2021\/06\/subventions-pour-lhabitat-seyssel-mairie.jpg 1280w, https:\/\/seyssel74.com\/wp-content\/uploads\/2021\/06\/subventions-pour-lhabitat-seyssel-mairie-300x197.jpg 300w, https:\/\/seyssel74.com\/wp-content\/uploads\/2021\/06\/subventions-pour-lhabitat-seyssel-mairie-768x503.jpg 768w\" sizes=\"auto, (max-width: 1280px) 100vw, 1280px\" \/><\/figure><\/div>\n\n\n<p class=\"has-text-align-center\"><strong>Aides de l&#8217;Anah<\/strong><\/p>\n\n\n\n<p>L&#8217;Agence nationale de l&#8217;habitat (Anah) peut accorder des aides financi\u00e8res pour la r\u00e9alisation de travaux dans votre logement (r\u00e9novation \u00e9nerg\u00e9tique, adaptation \u00e0 la perte d&#8217;autonomie\u2026). Vos travaux doivent \u00eatre r\u00e9alis\u00e9s dans un logement datant d&#8217;au minimum 15 ans. Ce logement doit \u00eatre votre r\u00e9sidence principale. Les aides de l&#8217;Anah se cumulent avec d&#8217;autres dispositifs.<\/p>\n\n\n\n<p class=\"has-black-color has-text-color has-normal-font-size\">Informations d\u00e9taill\u00e9es :<br>\ud83c\udf10 <a href=\"https:\/\/www.service-public.fr\/particuliers\/vosdroits\/F1328\" target=\"_blank\" rel=\"noreferrer noopener\">www.service-public.fr\/particuliers\/vosdroits\/F1328<\/a><\/p>\n\n\n\n<p class=\"has-text-align-center\"><strong>Aides &#8220;Certificats d&#8217;\u00e9conomie d&#8217;\u00e9nergie (CEE)&#8221; et Primes<\/strong><\/p>\n\n\n\n<p>Les fournisseurs d&#8217;\u00e9nergie peuvent proposer des aides financi\u00e8res aux particuliers pour financer partiellement ou totalement leurs travaux d&#8217;\u00e9conomies d&#8217;\u00e9nergie dans leur logement. Il est ainsi possible d&#8217;obtenir une aide Certificat d&#8217;\u00e9conomie d&#8217;\u00e9nergie (CEE) pour des travaux standards. Le montant de l&#8217;aide propos\u00e9e tient compte de l&#8217;ampleur des \u00e9conomies d&#8217;\u00e9nergie r\u00e9alis\u00e9es et de vos revenus.<\/p>\n\n\n\n<p>La prime Coup de pouce Chauffage et\/ou Isolation permet de payer les d\u00e9penses pour le remplacement d&#8217;un chauffage ou faire des travaux d&#8217;isolation. Les travaux ou l&#8217;installation du nouvel \u00e9quipement doivent \u00eatre r\u00e9alis\u00e9s par un professionnel reconnu garant environnement (RGE). Cette prime est cumulable, sous certaines conditions, avec d&#8217;autres aides.<\/p>\n\n\n\n<p>La prime Coup de pouce Thermostat avec r\u00e9gulation performante est vers\u00e9e en cas d&#8217;installation d&#8217;un thermostat programmable pour votre chauffage individuel. L&#8217;installation doit \u00eatre faite par un professionnel reconnu garant environnement (RGE). La demande de prime doit \u00eatre faite pour des travaux dont la date d&#8217;engagement est avant le 31 d\u00e9cembre 2021. Cette date correspond \u00e0 la date de signature du devis pour vos travaux d&#8217;installation. Ces travaux doivent \u00eatre achev\u00e9s avant le 30 avril 2022.<\/p>\n\n\n\n<p>La prime Coup de pouce R\u00e9novation performante d&#8217;une maison individuelle est attribu\u00e9e pour r\u00e9aliser des travaux de r\u00e9novation globale de votre maison individuelle. Les travaux doivent permettre de baisser la consommation d&#8217;\u00e9nergie primaire (chauffage, climatisation et eau chaude) d&#8217;au moins 55 %. Pour pouvoir b\u00e9n\u00e9ficier de la prime, vos travaux doivent \u00eatre engag\u00e9s (devis sign\u00e9) avant le 31 d\u00e9cembre 2025 et achev\u00e9s avant le 31 d\u00e9cembre 2026.<\/p>\n\n\n\n<p>La prime Coup de pouce R\u00e9novation performante de b\u00e2timent r\u00e9sidentiel collectif est attribu\u00e9e pour r\u00e9aliser des travaux de r\u00e9novation globale dans les copropri\u00e9t\u00e9s. Les travaux doivent permettre de baisser la consommation d&#8217;\u00e9nergie du b\u00e2timent de 35 %. Pour pouvoir b\u00e9n\u00e9ficier de la prime, les travaux doivent \u00eatre engag\u00e9s (devis sign\u00e9) avant le 31 d\u00e9cembre 2025 et achev\u00e9s avant le 31 d\u00e9cembre 2026.<\/p>\n\n\n\n<p class=\"has-black-color has-text-color has-normal-font-size\">Information d\u00e9taill\u00e9es :<br>\ud83c\udf10 <a href=\"https:\/\/www.service-public.fr\/particuliers\/vosdroits\/N321\" target=\"_blank\" rel=\"noreferrer noopener\">www.service-public.fr\/particuliers\/vosdroits\/N321<\/a><\/p>\n\n\n\n<p class=\"has-text-align-center\"><strong>Aide de la caisse de retraite<\/strong><\/p>\n\n\n\n<p>Votre caisse de retraite peut vous accorder une aide financi\u00e8re pour r\u00e9aliser des travaux dans votre logement afin de pr\u00e9venir la perte d&#8217;autonomie (par exemple, remplacement de votre baignoire par une douche). Cette aide appel\u00e9e Pour bien vieillir chez soi est attribu\u00e9e si vous \u00eates retrait\u00e9 du r\u00e9gime g\u00e9n\u00e9ral ou retrait\u00e9 de l&#8217;\u00c9tat. Le montant de l&#8217;aide peut atteindre 3 500 \u20ac.<\/p>\n\n\n\n<p class=\"has-black-color has-text-color has-normal-font-size\">Informations d\u00e9taill\u00e9es :<br>\ud83c\udf10 <a href=\"https:\/\/www.service-public.fr\/particuliers\/vosdroits\/F1613\">www.service-public.fr\/particuliers\/vosdroits\/F1613<\/a><\/p>\n\n\n\n<p class=\"has-text-align-center\"><strong>Pr\u00eat \u00e0 l&#8217;am\u00e9lioration de l&#8217;habitat de la Caf<\/strong><\/p>\n\n\n\n<p>Votre caisse d&#8217;allocations familiales (Caf) peut vous accorder un pr\u00eat \u00e0 l&#8217;am\u00e9lioration de l&#8217;habitat pour faire des travaux (r\u00e9novation, isolation\u2026) dans votre r\u00e9sidence principale. Ce pr\u00eat est \u00e9galement accord\u00e9 si vous \u00eates assistante maternelle (assistant maternel) et que vous gardez des enfants \u00e0 votre domicile. Le pr\u00eat concerne aussi bien les propri\u00e9taires que les locataires. Il est remboursable sur 10 ans maximum selon les cas.<\/p>\n\n\n\n<p class=\"has-black-color has-text-color has-normal-font-size\">Informations d\u00e9taill\u00e9es :<br>\ud83c\udf10 <a href=\"https:\/\/www.service-public.fr\/particuliers\/vosdroits\/F1616\">www.service-public.fr\/particuliers\/vosdroits\/F1616<\/a><\/p>\n\n\n\n<p class=\"has-text-align-center\"><strong>\u00c9co-pr\u00eat \u00e0 taux z\u00e9ro (\u00e9co-PTZ)<\/strong><\/p>\n\n\n\n<p>L&#8217;\u00e9co-pr\u00eat \u00e0 taux z\u00e9ro (\u00e9co-PTZ) permet de financer des travaux de r\u00e9novation \u00e9nerg\u00e9tique des logements. Le montant maximal de l&#8217;\u00e9co-PTZ est compris entre 7 000 \u20ac et 30 000 \u20ac selon les travaux financ\u00e9s. Ce pr\u00eat peut \u00eatre accord\u00e9 sous conditions \u00e0 un propri\u00e9taire bailleur ou occupant et \u00e0 un syndicat de copropri\u00e9taires jusqu&#8217;au 31 d\u00e9cembre 2021.<\/p>\n\n\n\n<p class=\"has-black-color has-text-color has-normal-font-size\">Informations d\u00e9taill\u00e9es :<br>\ud83c\udf10 <a href=\"https:\/\/www.service-public.fr\/particuliers\/vosdroits\/F19905\" target=\"_blank\" rel=\"noreferrer noopener\">www.service-public.fr\/particuliers\/vosdroits\/F19905<\/a><\/p>\n\n\n\n<p class=\"has-text-align-center\"><strong>Liens utiles <\/strong>:<\/p>\n\n\n\n<p class=\"has-black-color has-text-color has-normal-font-size\">\ud83c\udf10 <a href=\"https:\/\/www.service-public.fr\/particuliers\/vosdroits\/F10752\" target=\"_blank\" rel=\"noreferrer noopener\">www.service-public.fr\/particuliers\/vosdroits\/F10752<\/a><br>\ud83c\udf10 <a href=\"https:\/\/www.anil.org\/votre-projet\/vous-etes-proprietaire\/amelioration\/financement\/\" target=\"_blank\" rel=\"noreferrer noopener\">www.anil.org\/votre-projet\/vous-etes-proprietaire\/amelioration\/financement<\/a><br>\ud83c\udf10 <a href=\"https:\/\/www.economie.gouv.fr\/particuliers\/proprietaires-aides-renovation-logement-anah\" target=\"_blank\" rel=\"noreferrer noopener\">www.economie.gouv.fr\/particuliers\/proprietaires-aides-renovation-logement-anah<\/a><br>\ud83c\udf10 <a href=\"https:\/\/www.anah.gouv.fr\/\">https:\/\/www.anah.gouv.fr\/<\/a><br>\ud83c\udf10 <a href=\"https:\/\/www.maprimerenov.gouv.fr\/\" data-type=\"URL\" data-id=\"https:\/\/www.maprimerenov.gouv.fr\/\" target=\"_blank\" rel=\"noreferrer noopener\">www.maprimerenov.gouv.fr<\/a><\/p>\n\n\n\n<p class=\"has-text-align-center\"><strong>Permanences de Conseil en r\u00e9novation \u00e9nerg\u00e9tique<\/strong><\/p>\n\n\n<div class=\"wp-block-image\">\n<figure class=\"aligncenter size-full\"><img loading=\"lazy\" decoding=\"async\" width=\"721\" height=\"1000\" src=\"https:\/\/seyssel74.com\/wp-content\/uploads\/2022\/10\/Conseil-renovation-energetique-Haute-Savoie.jpg\" alt=\"\" class=\"wp-image-10446\" srcset=\"https:\/\/seyssel74.com\/wp-content\/uploads\/2022\/10\/Conseil-renovation-energetique-Haute-Savoie.jpg 721w, https:\/\/seyssel74.com\/wp-content\/uploads\/2022\/10\/Conseil-renovation-energetique-Haute-Savoie-216x300.jpg 216w\" sizes=\"auto, (max-width: 721px) 100vw, 721px\" \/><\/figure><\/div>","protected":false},"excerpt":{"rendered":"<p>\ud83c\udfe1 &gt;&nbsp;Administration &gt; Urbanisme &gt; Subventions pour l\u2019habitat Aides de l&#8217;Anah L&#8217;Agence nationale de l&#8217;habitat (Anah) peut accorder des aides financi\u00e8res pour la r\u00e9alisation de travaux dans votre logement (r\u00e9novation \u00e9nerg\u00e9tique, adaptation \u00e0 la perte d&#8217;autonomie\u2026). Vos travaux doivent \u00eatre r\u00e9alis\u00e9s dans un logement datant d&#8217;au minimum 15 ans. Ce logement doit \u00eatre votre r\u00e9sidence [&hellip;]<\/p>\n","protected":false},"author":1,"featured_media":0,"parent":733,"menu_order":2,"comment_status":"closed","ping_status":"closed","template":"","meta":{"ocean_post_layout":"","ocean_both_sidebars_style":"","ocean_both_sidebars_content_width":0,"ocean_both_sidebars_sidebars_width":0,"ocean_sidebar":"0","ocean_second_sidebar":"0","ocean_disable_margins":"enable","ocean_add_body_class":"","ocean_shortcode_before_top_bar":"","ocean_shortcode_after_top_bar":"","ocean_shortcode_before_header":"","ocean_shortcode_after_header":"","ocean_has_shortcode":"","ocean_shortcode_after_title":"","ocean_shortcode_before_footer_widgets":"","ocean_shortcode_after_footer_widgets":"","ocean_shortcode_before_footer_bottom":"","ocean_shortcode_after_footer_bottom":"","ocean_display_top_bar":"default","ocean_display_header":"default","ocean_header_style":"","ocean_center_header_left_menu":"0","ocean_custom_header_template":"0","ocean_custom_logo":0,"ocean_custom_retina_logo":0,"ocean_custom_logo_max_width":0,"ocean_custom_logo_tablet_max_width":0,"ocean_custom_logo_mobile_max_width":0,"ocean_custom_logo_max_height":0,"ocean_custom_logo_tablet_max_height":0,"ocean_custom_logo_mobile_max_height":0,"ocean_header_custom_menu":"0","ocean_menu_typo_font_family":"0","ocean_menu_typo_font_subset":"","ocean_menu_typo_font_size":0,"ocean_menu_typo_font_size_tablet":0,"ocean_menu_typo_font_size_mobile":0,"ocean_menu_typo_font_size_unit":"px","ocean_menu_typo_font_weight":"","ocean_menu_typo_font_weight_tablet":"","ocean_menu_typo_font_weight_mobile":"","ocean_menu_typo_transform":"","ocean_menu_typo_transform_tablet":"","ocean_menu_typo_transform_mobile":"","ocean_menu_typo_line_height":0,"ocean_menu_typo_line_height_tablet":0,"ocean_menu_typo_line_height_mobile":0,"ocean_menu_typo_line_height_unit":"","ocean_menu_typo_spacing":0,"ocean_menu_typo_spacing_tablet":0,"ocean_menu_typo_spacing_mobile":0,"ocean_menu_typo_spacing_unit":"","ocean_menu_link_color":"","ocean_menu_link_color_hover":"","ocean_menu_link_color_active":"","ocean_menu_link_background":"","ocean_menu_link_hover_background":"","ocean_menu_link_active_background":"","ocean_menu_social_links_bg":"","ocean_menu_social_hover_links_bg":"","ocean_menu_social_links_color":"","ocean_menu_social_hover_links_color":"","ocean_disable_title":"default","ocean_disable_heading":"default","ocean_post_title":"","ocean_post_subheading":"","ocean_post_title_style":"","ocean_post_title_background_color":"","ocean_post_title_background":0,"ocean_post_title_bg_image_position":"","ocean_post_title_bg_image_attachment":"","ocean_post_title_bg_image_repeat":"","ocean_post_title_bg_image_size":"","ocean_post_title_height":0,"ocean_post_title_bg_overlay":0.5,"ocean_post_title_bg_overlay_color":"","ocean_disable_breadcrumbs":"default","ocean_breadcrumbs_color":"","ocean_breadcrumbs_separator_color":"","ocean_breadcrumbs_links_color":"","ocean_breadcrumbs_links_hover_color":"","ocean_display_footer_widgets":"default","ocean_display_footer_bottom":"default","ocean_custom_footer_template":"0","ofc_meta_disable_footer_callout":"","ofc_meta_callout_button_url":"","ofc_meta_callout_button_txt":"","ofc_meta_callout_text":"","ofc_enable_fullscreen":"disable","ofc_fullscreen_speed":0,"ofc_fullscreen_nav":"enable","ofc_fullscreen_nav_pos":"right","ofc_fullscreen_nav_color":"","ofc_fullscreen_nav_tooltip_color":"","ofc_fullscreen_responsive":0,"osp_disable_panel":"default","osh_disable_topbar_sticky":"default","osh_disable_header_sticky":"default","osh_sticky_header_style":"default","osh_sticky_header_effect":"","osh_custom_sticky_logo":0,"osh_custom_retina_sticky_logo":0,"osh_custom_sticky_logo_height":0,"osh_background_color":"","osh_links_color":"","osh_links_hover_color":"","osh_links_active_color":"","osh_links_bg_color":"","osh_links_hover_bg_color":"","osh_links_active_bg_color":"","osh_menu_social_links_color":"","osh_menu_social_hover_links_color":"","footnotes":""},"class_list":["post-1000","page","type-page","status-publish","hentry","entry"],"_links":{"self":[{"href":"https:\/\/seyssel74.com\/index.php\/wp-json\/wp\/v2\/pages\/1000","targetHints":{"allow":["GET"]}}],"collection":[{"href":"https:\/\/seyssel74.com\/index.php\/wp-json\/wp\/v2\/pages"}],"about":[{"href":"https:\/\/seyssel74.com\/index.php\/wp-json\/wp\/v2\/types\/page"}],"author":[{"embeddable":true,"href":"https:\/\/seyssel74.com\/index.php\/wp-json\/wp\/v2\/users\/1"}],"replies":[{"embeddable":true,"href":"https:\/\/seyssel74.com\/index.php\/wp-json\/wp\/v2\/comments?post=1000"}],"version-history":[{"count":23,"href":"https:\/\/seyssel74.com\/index.php\/wp-json\/wp\/v2\/pages\/1000\/revisions"}],"predecessor-version":[{"id":22225,"href":"https:\/\/seyssel74.com\/index.php\/wp-json\/wp\/v2\/pages\/1000\/revisions\/22225"}],"up":[{"embeddable":true,"href":"https:\/\/seyssel74.com\/index.php\/wp-json\/wp\/v2\/pages\/733"}],"wp:attachment":[{"href":"https:\/\/seyssel74.com\/index.php\/wp-json\/wp\/v2\/media?parent=1000"}],"curies":[{"name":"wp","href":"https:\/\/api.w.org\/{rel}","templated":true}]}}